t common divisor of 1273608 and 190?
38
What is the greatest common factor of 95636877 and 2205?
147
What is the highest common divisor of 135 and 194484195?
45
What is the greatest common factor of 83752888 and 4068?
452
What is the highest common divisor of 15521 and 612051?
187
Calculate the greatest common divisor of 703 and 5498068.
19
What is the greatest common factor of 784 and 968195508?
196
Calculate the greatest common divisor of 20734076 and 132.
44
What is the greatest common divisor of 154 and 1561009604?
154
Calculate the highest common factor of 42 and 2260806.
6
Calculate the greatest common divisor of 8250816 and 504.
168
What is the greatest common divisor of 96 and 483452?
4
Calculate the highest common divisor of 252563 and 18193.
23
What is the highest common factor of 3668 and 90423536?
3668
What is the highest common divisor of 1022307 and 45331?
143
What is the greatest common divisor of 1405 and 5138135?
5
Calculate the greatest common factor of 5 and 68650915.
5
Calculate the highest common divisor of 264 and 141273064.
8
Calculate the greatest common factor of 41265 and 16602705.
315
What is the highest common factor of 1700272 and 17136?
1904
What is the highest common divisor of 512209275 and 15?
15
What is the greatest common divisor of 2771538 and 1408?
22
Calculate the greatest common divisor of 2996976 and 1776.
48
What is the highest common divisor of 9018768 and 693?
33
Calculate the greatest common divisor of 1984 and 4255432.
248
What is the greatest common divisor of 214836 and 1248?
12
Calculate the greatest common factor of 75338802 and 1232.
154
What is the greatest common factor of 1008869358 and 28?
14
What is the greatest common divisor of 16784 and 102404?
4
What is the greatest common factor of 439 and 771?
1
Calculate the greatest common divisor of 175520 and 258224.
16
What is the greatest common divisor of 242853920 and 64?
32
What is the highest common factor of 1111708 and 144456?
52
What is the greatest common factor of 3417297 and 6513?
39
Calculate the greatest common factor of 669 and 402362691.
669
What is the highest common divisor of 9102 and 689374?
82
Calculate the greatest common divisor of 269510886 and 36.
18
What is the highest common factor of 5745710 and 5316?
886
Calculate the greatest common factor of 1937 and 426517.
13
Calculate the greatest common factor of 32349 and 574.
41
What is the highest common divisor of 468 and 17560404?
36
Calculate the highest common divisor of 362410925 and 4650.
775
What is the highest common divisor of 474 and 244945504?
158
Calculate the greatest common divisor of 190562474 and 5090.
1018
What is the greatest common divisor of 52863 and 100098?
201
What is the greatest common factor of 4021592 and 136?
8
Calculate the greatest common factor of 1768 and 21398728.
104
What is the greatest common factor of 37527638 and 15038?
206
Calculate the greatest common factor of 423189520 and 904.
904
Calculate the greatest common factor of 1822 and 123311138.
1822
Calculate the highest common factor of 159280 and 23530.
1810
Calculate the greatest common factor of 9229005 and 270.
135
Calculate the greatest common factor of 12496008 and 168.
168
What is the highest common factor of 3598224 and 140?
28
Calculate the greatest common factor of 2695 and 34708807.
49
Calculate the greatest common divisor of 4551894 and 18.
18
What is the greatest common divisor of 14256 and 211572?
324
Calculate the greatest common factor of 33257238 and 21063.
1239
Calculate the highest common factor of 16838499 and 8256.
129
What is the highest common factor of 11968889 and 823?
823
What is the highest common divisor of 9 and 112419?
9
What is the greatest common divisor of 122004 and 1314?
18
Calculate the greatest common factor of 4349140 and 100.
20
Calculate the greatest common divisor of 190242 and 3991.
13
Calculate the greatest common divisor of 111930 and 39630.
30
Calculate the greatest common factor of 2358937 and 36550.
731
What is the greatest common divisor of 7 and 1703186093?
7
What is the highest common factor of 90 and 1220476230?
90
Calculate the highest common factor of 39915 and 87595685.
4435
Calculate the greatest common factor of 160 and 8830576.
16
Calculate the greatest common divisor of 6473328 and 1.
1
What is the highest common divisor of 12158377 and 553?
7
Calculate the greatest common divisor of 20880 and 237032080.
2320
What is the greatest common divisor of 254221 and 77?
11
What is the greatest common factor of 140024302 and 22?
22
What is the greatest common divisor of 308905100 and 4350?
1450
Calculate the greatest common factor of 140 and 3437720.
20
Calculate the highest common factor of 6063782 and 962.
74
Calculate the greatest common divisor of 129991 and 599813.
61
What is the highest common factor of 571041 and 111354?
201
What is the highest common divisor of 2 and 568415?
1
Calculate the greatest common factor of 12432 and 31878312.
888
Calculate the greatest common factor of 48934669 and 28.
7
Calculate the highest common divisor of 993376 and 222.
74
Calculate the highest common divisor of 264 and 1979868.
132
What is the highest common factor of 609045102 and 54?
54
Calculate the highest common divisor of 48 and 7675312.
16
Calculate the greatest common divisor of 295512 and 1344.
168
What is the highest common factor of 37597896 and 14?
14
Calculate the greatest common divisor of 1443 and 11211.
111
What is the greatest common divisor of 39510975 and 151725?
8925
Calculate the highest common factor of 40824584 and 8148.
388
Calculate the greatest common divisor of 3960 and 17895240.
3960
What is the highest common factor of 110262244 and 228?
76
What is the greatest common factor of 42762 and 768?
6
What is the highest common divisor of 91931 and 1305306?
571
Calculate the greatest common factor of 23734970 and 70.
70
Calculate the highest common divisor of 252358 and 9160.
458
Calculate the greatest common factor of 1301976 and 38025.
1521
Calculate the greatest common divisor of 1305 and 315665.
145
What is the highest common divisor of 869594 and 109604?
1034
What is the greatest common factor of 115359258 and 19038?
1002
Calculate the highest common factor of 1510488 and 1014762.
1554
What is the greatest common divisor of 1232 and 54102224?
176
Calculate the highest common factor of 20669 and 179663.
11
What is the highest common factor of 1670946 and 2?
2
What is the highest common divisor of 169059213 and 558?
279
What is the highest common factor of 168 and 2696424?
24
What is the greatest common divisor of 52155156 and 39504?
9876
Calculate the highest common factor of 131356760 and 20.
20
What is the highest common factor of 29 and 577724?
1
What is the greatest common divisor of 54609087 and 624?
39
What is the highest common factor of 183468796 and 112?
28
Calculate the greatest common divisor of 695386 and 3514328.
542
Calculate the greatest common factor of 6994 and 198224.
26
Calculate the greatest common factor of 54167480 and 4208.
2104
What is the highest common divisor of 124655 and 1988655?
1165
What is the greatest common factor of 4712 and 3156128?
152
Calculate the highest common divisor of 63423 and 33669.
783
Calculate the highest common divisor of 904 and 8173064.
904
What is the greatest common factor of 1239 and 227416?
7
Calculate the highest common factor of 809 and 41424036.
809
Calculate the highest common factor of 479657 and 9489118.
5779
Calculate the greatest common divisor of 1356 and 533234796.
1356
What is the greatest common factor of 318 and 1486014?
318
Calculate the highest common divisor of 116998 and 51667.
427
What is the greatest common divisor of 437049 and 4644?
27
What is the highest common factor of 18769210 and 890?
890
Calculate the greatest common factor of 1660085 and 55.
5
Calculate the highest common factor of 2045676 and 16.
4
Calculate the highest common divisor of 1798280 and 129320.
2440
What is the highest common divisor of 7688386 and 306?
34
Calculate the highest common factor of 17867571 and 40587.
489
Calculate the highest common divisor of 806 and 10318412.
806
Calculate the greatest common divisor of 1275839698 and 238.
238
Calculate the greatest common